Suppose 3*w - 4 + 7 = 0. Let a be w/4 - 338/(-8). Let o = a + -26. What are the prime factors of o?
2
Let s(v) = 4062*v**3 - 5*v**2 + 9*v - 5. List the prime factors of s(1).
31, 131
Let f = -48 - -66. Let z be (-4)/14 + (-3 - f/(-14)). List the prime factors of 87 + (14 + z)/(-4).
2, 3, 7
Let i = -826 - -2202. Let d = i + -394. List the prime factors of d.
2, 491
Let x(d) = 4*d**2 - 10*d + 17. Let m be (2/(-10))/((-396)/390 + 1). What are the prime factors of x(m)?
563
Let r = 128 + 19. Let g = r - -204. List the prime factors of g.
3, 13
Suppose w - 8 = -w, 6 = 5*r - w. Suppose 3*q = 5*d + 400, -288 = 2*q - 4*q - r*d. List the prime factors of q.
2, 5, 7
Suppose 673*r + 1436787 = 772*r. What are the prime factors of r?
23, 631
Let f be 21 - 26 - (2 + -14). Suppose 0 = 6*k - f*k + 5*g + 782, 3*g = 3*k - 2382. What are the prime factors of k?
797
Suppose 2*g = -3*g - y - 1527, 1515 = -5*g + 5*y. Let w(d) = -4*d + 451. Let s be w(6). Let j = s + g. What are the prime factors of j?
2, 61
Let c be (-2*1)/(14/(-35)). Suppose j = -3*j + 2*r + 114, c*j + 4*r - 175 = 0. List the prime factors of j/3 + (-1)/3.
2, 5
Let f(r) = 2*r**2 + 69*r - 10. List the prime factors of f(19).
7, 17
Suppose -8*z - 4*z = -4*z - 25808. What are the prime factors of z?
2, 1613
Suppose -3*i + 0*v - 3*v + 579 = 0, i + 2*v = 192. Let l = -104 + i. What are the prime factors of l?
2, 3, 5
Let u be 140/(-65) + 2 - 3558/26. Let g = 212 + u. What are the prime factors of g?
3, 5
Suppose 8*n - 12*n = -5*q + 1714, 0 = -q + 2*n + 344. List the prime factors of q.
2, 3, 19
Suppose -4*r - 71 = -3*i, 0*i + 2*r - 77 = -3*i. Suppose 15*j - i = 10*j. Suppose j*y - 8 = 12, y = 5*z - 16. What are the prime factors of z?
2
Let t = 6403 - -1329. What are the prime factors of t?
2, 1933
What are the prime factors of (2106/(-13))/(-3)*93?
2, 3, 31
Let p = 11751 - 3560. List the prime factors of p.
8191
Let m(z) = 125*z + 1. Suppose -k = 1, -3*u - 5*k + 3 = -2*k. Suppose -5*p = 5, u*w + 1 = w - 2*p. List the prime factors of m(w).
2, 3, 7
Suppose 2*n - 40 = -3*n. Suppose -6*k + 4 = -n. Suppose 3*s - 82 = 4*a, 21 - 75 = -k*s + 3*a. What are the prime factors of s?
2, 3, 5
Let z(r) = -4*r - 7. Let b be z(-4). Suppose b + 10 = j. Suppose -3*y + y - 3*t = -j, -3*y + 3*t - 9 = 0. What are the prime factors of y?
2
Let c(r) = -571*r**3 - 4*r**2 + 4*r + 88. List the prime factors of c(-4).
2, 3, 1523
Suppose -2*t + 41 = -9. What are the prime factors of 210 + ((-40)/t)/(4/10)?
2, 103
Let z(d) = 9*d**3 - 5*d**2 - 5*d + 4. Let n be z(-6). What are the prime factors of (56/(-70))/(4/n)?
2, 11, 19
Let i = 119 + -119. Suppose -2*t - 5*f + 24 = 0, -2*t = -3*f - i*f + 8. What are the prime factors of t?
2
Let n = 96409 - 57076. List the prime factors of n.
3, 7, 1873
Let k(h) = 3*h - 23. Let c be k(7). List the prime factors of (c/4)/((-29)/27144).
2, 3, 13
Let d(w) = w**2 + 15*w - 30. Let p be d(-17). Suppose -o - 30 = 5*a + 1579, 0 = -p*a - 3*o - 1296. Let j = -141 - a. What are the prime factors of j?
2, 3, 5
Suppose 2*c = -7*v + 140525, -53*c = -5*v - 58*c + 100350. What are the prime factors of v?
17, 1181
Let v = 182 - 304. Let i be 12/8*v/3. Let w = i - -89. List the prime factors of w.
2, 7
Let x(v) = v**2 + 10*v + 32. Suppose -7*z = 146 - 41. What are the prime factors of x(z)?
107
Suppose 958*h - 5*l + 10854 = 959*h, 5*h - 5*l = 54210. What are the prime factors of h?
2, 2711
Suppose 10*z + 2*y + 17646 = 13*z, 2*z - 11764 = 2*y. List the prime factors of z.
2, 17, 173
Let x(p) = 10*p + 22. Let n be x(3). Suppose -4*i - 4 = -n. Suppose j - i = 9. List the prime factors of j.
3, 7
Suppose -49 + 67 = -2*w. Let v(r) = r**3 + 16*r**2 + 7*r - 10. List the prime factors of v(w).
2, 13, 19
Let m(c) = -142*c - 34 - 61 + 53. What are the prime factors of m(-7)?
2, 7, 17
Let h(z) = 4*z**2 + 29*z - 45. Let v be h(-14). Suppose -37*j + 40*j = v. What are the prime factors of j?
3, 37
Let z = -127 - -126. Let o(a) = 25*a**2 + 4*a + 5. Let w be o(z). List the prime factors of ((-538)/4)/((-13)/w).
269
Suppose 0 = 5*z + 3*m - 29412, -2*m - 24481 = -4*z - 969. Suppose d + g + 4*g - 1954 = 0, -3*g - z = -3*d. List the prime factors of d.
3, 653
Suppose -2*s = 2*b - 36226, -29*b + 18137 = s - 24*b. What are the prime factors of s?
19, 953
Let w(x) = -297*x**3 + 95*x + 194. What are the prime factors of w(-2)?
2, 5, 7, 17
Let c(z) = 4235*z**2 + 46*z + 2. List the prime factors of c(-1).
3, 11, 127
Suppose 2*o = 5*y - 105 - 14, -y - 153 = 3*o. Let q(z) = -13*z**3 + 1. Let v be q(2). Let t = o - v. What are the prime factors of t?
3, 17
Suppose -36*o + 41*o = -765. What are the prime factors of o*(-13)/((-78)/(-56))?
2, 3, 7, 17
What are the prime factors of ((-12)/15)/(144/1080) + (-48904)/(-2)?
2, 17, 719
Let n(u) = 47*u**2 - 15*u - 45. List the prime factors of n(-3).
3, 47
Suppose 56*b - 54*b - 10 = 0. Suppose -14*d + 418 = 2*h - 19*d, b*d = -h + 224. List the prime factors of h.
2, 107
Suppose 1179*d = 1341*d - 5116932. What are the prime factors of d?
2, 17, 929
Suppose -3*l + 11*l + 19*l = 171045. What are the prime factors of l?
5, 7, 181
Let w(y) = -1214*y**3 + 7*y**2 + 12*y - 13. What are the prime factors of w(-2)?
31, 313
Let q(m) = -14*m**2 + 4*m + 5. Let t be q(-6). Let d = t - -366. Let k = -79 - d. What are the prime factors of k?
2, 3, 13
Suppose -u - 861 = -11341. What are the prime factors of u/30 - (-2)/(-6)?
349
Suppose -31*i = -37*i - 48. List the prime factors of (438/(-4))/(i - -14)*-52.
13, 73
Let x(u) = 107*u**3 - 4*u**2 - 12*u + 23. What are the prime factors of x(4)?
3, 751
Suppose -2*l = 2*y + 348, 3*l - 3*y - 96 = -612. Let o = 98 + l. Let j = 127 + o. List the prime factors of j.
2, 13
Let p be ((-124)/(-30) - 30/225) + -3. List the prime factors of p/((-5)/(-1375)) + (0 - 2).
3, 7, 13
Let b(m) = -m**3 - 38*m**2 + 62*m - 76. Suppose 0 = 8*j - 651 + 971. List the prime factors of b(j).
2, 7, 23
Suppose 215*s - 272174 = 201*s. What are the prime factors of s?
19441
Suppose -143553 = -174*q + 291099. List the prime factors of q.
2, 1249
Suppose 4*l = 4*u - 41380, 0 = 8*u - 7*u - 3*l - 10339. List the prime factors of u.
2, 13, 199
Suppose 0*l = -m + 2*l + 2506, 5*l = 4*m - 10027. What are the prime factors of m?
2, 3, 11, 19
Let a be ((-18)/5 - (-12)/20) + 411. Let t = a + -226. What are the prime factors of t?
2, 7, 13
Let j = 65 + -61. Suppose -j*h - 1687 = -5*b, 1697 = -3*b + 8*b + h. List the prime factors of b.
3, 113
Suppose 52*g + 286508 = 769172. What are the prime factors of g?
2, 3, 7, 13, 17
Let a be 7/((-35)/(-20)) - 33. Let d be 919/(-5) + -6 + a/(-5). Let j = 418 + d. What are the prime factors of j?
2, 3, 13
Suppose -36*w - 322 = -50*w. Suppose -19*u + 4494 = 5*x - w*u, -5*x = 2*u - 4488. What are the prime factors of x?
2, 449
Let d(y) = y**2 + 452*y + 78. What are the prime factors of d(40)?
2, 3, 37, 89
Suppose 0 = -2*k - 3*r + 516, 2*k - 103*r + 101*r = 506. Suppose -n = 2*n - 309. Let v = k - n. What are the prime factors of v?
2, 19
Let d(v) = -v**3 + 17*v**2 - 18*v + 19. Let q be d(16). Let g = -4 - q. List the prime factors of (-54)/g*2/3*-2.
2
Let g(t) = -28 + 372*t - 106*t - 178*t - 5. List the prime factors of g(4).
11, 29
Suppose -v + 96 = 7*v. Suppose v*u - 9*u = -12. Let x(k) = 5*k**2 - 6. What are the prime factors of x(u)?
2, 37
List the prime factors of (-32)/105 + 16/40 - (-282028)/21.
2, 5, 17, 79
Let b = -517 + 524. Let k(a) = a**3 + 11*a**2 - 32*a - 11. What are the prime factors of k(b)?
647
Let j(p) = 7*p**2 + 15*p + 12. Let u be 3/(-5)*10/(-1). Let d be (u/4)/((-8)/32). What are the prime factors of j(d)?
2, 3, 29
Let m be (-4 + (-5)/((-60)/56))*6. Suppose -640 = x - 5*x + m*u, 145 = x + 2*u. What are the prime factors of x?
5, 31
Suppose 2*q - 5*k = -4*k + 10135, -2*k - 10132 = -2*q. What are the prime factors of q?
37, 137
Let b = -6470 - -7570. List the prime factors of b.
2, 5, 11
Suppose 0 = 525*z - 524*z - 57771. What are the prime factors of z?
3, 7, 131
Suppose -4*p + 3*y + 57469 = 0, -2*p - 512*y = -517*y - 28745. List the prime factors of p.
5, 13, 17
Suppose 3*o = 2*n + 51219, 3*o + 17073 = 4*o + 2*n. What are the prime factors of o?
3, 7, 271
Suppose -101640 = -2*t + 3*m + 896, 4*t = -m + 205114. List the prime factors of t.
47, 1091
L